{"id":1579,"date":"2014-05-13T12:04:40","date_gmt":"2014-05-13T10:04:40","guid":{"rendered":"http:\/\/muenzfreunde.de\/wordpress\/?page_id=1579"},"modified":"2024-09-16T20:28:59","modified_gmt":"2024-09-16T18:28:59","slug":"monatliche-vereinsabende","status":"publish","type":"page","link":"https:\/\/muenzfreunde.de\/wordpress\/?page_id=1579","title":{"rendered":"monatliche Vereinsabende"},"content":{"rendered":"<p><span style=\"color: #0f3f74;\"><strong>zum Plausch und Tausch:<\/strong><\/span><\/p>\n<p style=\"text-align: center;\"><em><span style=\"color: #ff0000;\"><strong>Auch Nichtmitglieder sind immer willkommen.<\/strong><\/span><\/em><\/p>\n<p>Wir suchen Menschen die Interesse am Sammmeln von M\u00fcnzen, Medaillen, Banknoten&#8230;&#8230; haben und sich vielleicht unserem Verein anschlie\u00dfen m\u00f6chten.<\/p>\n<p>Was bieten wir f\u00fcr den Jahresbeitrag von z.Z. 24 Euro:<\/p>\n<p>\u2022\tMonatliche Sammlertreffen<br \/>\n\u2022\tKostenlose Nutzung Literatur<br \/>\n\u2022\tJahresfahrten\/-ausfl\u00fcge<br \/>\n\u2022\tBeratung zu Sammlungen<br \/>\n\u2022\tUnterst\u00fctzung bei K\u00e4ufen und Verk\u00e4ufen<\/p>\n<p>&#8211; <a style=\"color: #0070e0;\" href=\"http:\/\/muenzfreunde.de\/wordpress\/wp-content\/uploads\/2024\/09\/Beitritt.zip\">Aufnahmeantrag<\/a><br \/>\n&#8211; <a style=\"color: #0070e0;\" href=\"http:\/\/muenzfreunde.de\/wordpress\/wp-content\/uploads\/2013\/04\/satzung.zip\">Satzung<\/a><\/p>\n<p>Immer am 2. Donnerstag im Monat finden unsere Vereinsabende statt:<br \/>\n&#8211; Ort: Gastst\u00e4tte \u201cKotthoff&#8217;s Theo\u201d, Zeughausstr. 9, 59872 Meschede<br \/>\n&#8211; Beginn: um 18.30 Uhr<br \/>\n&#8211; Ende: gegen 20.30 Uhr<\/p>\n","protected":false},"excerpt":{"rendered":"<p>zum Plausch und Tausch: Auch Nichtmitglieder sind immer willkommen. Wir suchen Menschen die Interesse am Sammmeln von M\u00fcnzen, Medaillen, Banknoten&#8230;&#8230; haben und sich vielleicht unserem Verein anschlie\u00dfen m\u00f6chten. Was bieten wir f\u00fcr den Jahresbeitrag von z.Z. 24 Euro: \u2022 Monatliche &hellip; <a href=\"https:\/\/muenzfreunde.de\/wordpress\/?page_id=1579\">Weiterlesen <span class=\"meta-nav\">&rarr;<\/span><\/a><\/p>\n","protected":false},"author":1,"featured_media":0,"parent":8,"menu_order":2,"comment_status":"closed","ping_status":"closed","template":"","meta":{"h5ap_radio_sources":[],"footnotes":""},"class_list":["post-1579","page","type-page","status-publish","hentry"],"_links":{"self":[{"href":"https:\/\/muenzfreunde.de\/wordpress\/index.php?rest_route=\/wp\/v2\/pages\/1579","targetHints":{"allow":["GET"]}}],"collection":[{"href":"https:\/\/muenzfreunde.de\/wordpress\/index.php?rest_route=\/wp\/v2\/pages"}],"about":[{"href":"https:\/\/muenzfreunde.de\/wordpress\/index.php?rest_route=\/wp\/v2\/types\/page"}],"author":[{"embeddable":true,"href":"https:\/\/muenzfreunde.de\/wordpress\/index.php?rest_route=\/wp\/v2\/users\/1"}],"replies":[{"embeddable":true,"href":"https:\/\/muenzfreunde.de\/wordpress\/index.php?rest_route=%2Fwp%2Fv2%2Fcomments&post=1579"}],"version-history":[{"count":24,"href":"https:\/\/muenzfreunde.de\/wordpress\/index.php?rest_route=\/wp\/v2\/pages\/1579\/revisions"}],"predecessor-version":[{"id":6348,"href":"https:\/\/muenzfreunde.de\/wordpress\/index.php?rest_route=\/wp\/v2\/pages\/1579\/revisions\/6348"}],"up":[{"embeddable":true,"href":"https:\/\/muenzfreunde.de\/wordpress\/index.php?rest_route=\/wp\/v2\/pages\/8"}],"wp:attachment":[{"href":"https:\/\/muenzfreunde.de\/wordpress\/index.php?rest_route=%2Fwp%2Fv2%2Fmedia&parent=1579"}],"curies":[{"name":"wp","href":"https:\/\/api.w.org\/{rel}","templated":true}]}}